{"id":527,"date":"2025-04-09T14:40:59","date_gmt":"2025-04-09T12:40:59","guid":{"rendered":"https:\/\/www.test.nms-mautern.at\/?page_id=527"},"modified":"2025-09-07T22:02:56","modified_gmt":"2025-09-07T20:02:56","slug":"sportwochen","status":"publish","type":"page","link":"https:\/\/www.nms-mautern.at\/?page_id=527","title":{"rendered":"Sportwochen"},"content":{"rendered":"\t\t<div data-elementor-type=\"wp-page\" data-elementor-id=\"527\" class=\"elementor elementor-527\" data-elementor-post-type=\"page\">\n\t\t\t\t<div class=\"has_eae_slider elementor-element elementor-element-a8dcc8c e-flex e-con-boxed e-con e-parent\" data-eae-slider=\"64604\" data-id=\"a8dcc8c\" data-element_type=\"container\">\n\t\t\t\t\t<div class=\"e-con-inner\">\n\t\t\t\t<div class=\"elementor-element elementor-element-7fe27d5 elementor-widget elementor-widget-heading\" data-id=\"7fe27d5\" data-element_type=\"widget\" data-widget_type=\"heading.default\">\n\t\t\t\t<div class=\"elementor-widget-container\">\n\t\t\t\t\t<h1 class=\"elementor-heading-title elementor-size-default\">Sommersportwoche in Raabs\/Thaya - 1. Klassen<\/h1>\t\t\t\t<\/div>\n\t\t\t\t<\/div>\n\t\t\t\t\t<\/div>\n\t\t\t\t<\/div>\n\t\t<div class=\"has_eae_slider elementor-element elementor-element-808693f e-flex e-con-boxed e-con e-parent\" data-eae-slider=\"27102\" data-id=\"808693f\" data-element_type=\"container\">\n\t\t\t\t\t<div class=\"e-con-inner\">\n\t\t<div class=\"has_eae_slider elementor-element elementor-element-b0bb969 e-con-full e-flex e-con e-child\" data-eae-slider=\"87643\" data-id=\"b0bb969\" data-element_type=\"container\">\n\t\t\t\t<div class=\"elementor-element elementor-element-6b720b9 elementor-widget elementor-widget-image\" data-id=\"6b720b9\" data-element_type=\"widget\" data-widget_type=\"image.default\">\n\t\t\t\t<div class=\"elementor-widget-container\">\n\t\t\t\t\t\t\t\t\t\t\t\t\t\t\t<img fetchpriority=\"high\" decoding=\"async\" width=\"400\" height=\"300\" src=\"https:\/\/www.nms-mautern.at\/wp-content\/uploads\/2025\/09\/Rabbs.jpg\" class=\"attachment-large size-large wp-image-2753\" alt=\"\" srcset=\"https:\/\/www.nms-mautern.at\/wp-content\/uploads\/2025\/09\/Rabbs.jpg 400w, https:\/\/www.nms-mautern.at\/wp-content\/uploads\/2025\/09\/Rabbs-300x225.jpg 300w\" sizes=\"(max-width: 400px) 100vw, 400px\" \/>\t\t\t\t\t\t\t\t\t\t\t\t\t\t\t<\/div>\n\t\t\t\t<\/div>\n\t\t\t\t<\/div>\n\t\t<div class=\"has_eae_slider elementor-element elementor-element-858e516 e-con-full e-flex e-con e-child\" data-eae-slider=\"94305\" data-id=\"858e516\" data-element_type=\"container\">\n\t\t\t\t<div class=\"elementor-element elementor-element-168b6bf elementor-widget elementor-widget-text-editor\" data-id=\"168b6bf\" data-element_type=\"widget\" data-widget_type=\"text-editor.default\">\n\t\t\t\t<div class=\"elementor-widget-container\">\n\t\t\t\t\t\t\t\t\t<p>Jedes Jahr verbringen unsere 1. Klassen eine spannende Sommersportwoche in Raabs an der Thaya. Neben abwechslungsreichen Wanderungen stehen auch interessante Exkursionen auf dem Programm \u2013 etwa ein Besuch in der Glasbl\u00e4serei oder in der K\u00e4semacherwelt. Der Schwerpunkt der Woche liegt jedoch im Schwimmen: T\u00e4glich wird flei\u00dfig trainiert, Technik verbessert und Ausdauer gest\u00e4rkt. Viele Sch\u00fclerinnen und Sch\u00fcler k\u00f6nnen somit am Ende stolz ein Schwimmabzeichen entgegennehmen \u2013 ein tolles Ziel, das mit viel Einsatz und Freude erreicht wird. Die Sportwoche bietet nicht nur Bewegung, sondern auch wertvolle Erfahrungen und Aktivit\u00e4ten, die die Klassengemeinschaft st\u00e4rken und zugleich f\u00fcr die individuelle Entwicklung der Kinder wertvoll sind.<\/p>\t\t\t\t\t\t\t\t<\/div>\n\t\t\t\t<\/div>\n\t\t\t\t<\/div>\n\t\t\t\t\t<\/div>\n\t\t\t\t<\/div>\n\t\t<div class=\"has_eae_slider elementor-element elementor-element-8245a84 e-flex e-con-boxed e-con e-parent\" data-eae-slider=\"31424\" data-id=\"8245a84\" data-element_type=\"container\">\n\t\t\t\t\t<div class=\"e-con-inner\">\n\t\t\t\t<div class=\"elementor-element elementor-element-efcc262 elementor-widget elementor-widget-heading\" data-id=\"efcc262\" data-element_type=\"widget\" data-widget_type=\"heading.default\">\n\t\t\t\t<div class=\"elementor-widget-container\">\n\t\t\t\t\t<h1 class=\"elementor-heading-title elementor-size-default\">Wintersportwoche in Lofer - 2. Klassen<\/h1>\t\t\t\t<\/div>\n\t\t\t\t<\/div>\n\t\t\t\t\t<\/div>\n\t\t\t\t<\/div>\n\t\t<div class=\"has_eae_slider elementor-element elementor-element-69bb3b4 e-flex e-con-boxed e-con e-parent\" data-eae-slider=\"19126\" data-id=\"69bb3b4\" data-element_type=\"container\">\n\t\t\t\t\t<div class=\"e-con-inner\">\n\t\t<div class=\"has_eae_slider elementor-element elementor-element-00153cf e-con-full e-flex e-con e-child\" data-eae-slider=\"57519\" data-id=\"00153cf\" data-element_type=\"container\">\n\t\t\t\t<div class=\"elementor-element elementor-element-ec87e39 elementor-widget elementor-widget-image\" data-id=\"ec87e39\" data-element_type=\"widget\" data-widget_type=\"image.default\">\n\t\t\t\t<div class=\"elementor-widget-container\">\n\t\t\t\t\t\t\t\t\t\t\t\t\t\t\t<img decoding=\"async\" width=\"400\" height=\"300\" src=\"https:\/\/www.nms-mautern.at\/wp-content\/uploads\/2025\/09\/Lofer.jpg\" class=\"attachment-large size-large wp-image-2754\" alt=\"\" srcset=\"https:\/\/www.nms-mautern.at\/wp-content\/uploads\/2025\/09\/Lofer.jpg 400w, https:\/\/www.nms-mautern.at\/wp-content\/uploads\/2025\/09\/Lofer-300x225.jpg 300w\" sizes=\"(max-width: 400px) 100vw, 400px\" \/>\t\t\t\t\t\t\t\t\t\t\t\t\t\t\t<\/div>\n\t\t\t\t<\/div>\n\t\t\t\t<\/div>\n\t\t<div class=\"has_eae_slider elementor-element elementor-element-7cab322 e-con-full e-flex e-con e-child\" data-eae-slider=\"62966\" data-id=\"7cab322\" data-element_type=\"container\">\n\t\t\t\t<div class=\"elementor-element elementor-element-0cf257d elementor-widget elementor-widget-text-editor\" data-id=\"0cf257d\" data-element_type=\"widget\" data-widget_type=\"text-editor.default\">\n\t\t\t\t<div class=\"elementor-widget-container\">\n\t\t\t\t\t\t\t\t\t<p>1. \u2013 06. M\u00e4rz 2026 | Jugend- und Familienhotel Salzburgerhof<\/p><p>Die Sch\u00fclerinnen und Sch\u00fcler der 2. Klassen verbringen ihre Wintersportwoche im Jugend- und Familienhotel Salzburgerhof, welches direkt im Skigebiet Lofer liegt.<\/p><p>Neben dem Skifahren stehen auch immer gemeinsame Spiele und Abendprogramme am Plan, die den Klassenzusammenhalt st\u00e4rken und f\u00fcr viel Abwechslung sorgen.<\/p>\t\t\t\t\t\t\t\t<\/div>\n\t\t\t\t<\/div>\n\t\t\t\t<\/div>\n\t\t\t\t\t<\/div>\n\t\t\t\t<\/div>\n\t\t<div class=\"has_eae_slider elementor-element elementor-element-083695a e-flex e-con-boxed e-con e-parent\" data-eae-slider=\"10020\" data-id=\"083695a\" data-element_type=\"container\">\n\t\t\t\t\t<div class=\"e-con-inner\">\n\t\t\t\t<div class=\"elementor-element elementor-element-ad6e059 elementor-widget elementor-widget-heading\" data-id=\"ad6e059\" data-element_type=\"widget\" data-widget_type=\"heading.default\">\n\t\t\t\t<div class=\"elementor-widget-container\">\n\t\t\t\t\t<h1 class=\"elementor-heading-title elementor-size-default\">Wintersportwoche in Kleinarl - 3. Klassen<\/h1>\t\t\t\t<\/div>\n\t\t\t\t<\/div>\n\t\t\t\t\t<\/div>\n\t\t\t\t<\/div>\n\t\t<div class=\"has_eae_slider elementor-element elementor-element-855e085 e-flex e-con-boxed e-con e-parent\" data-eae-slider=\"48999\" data-id=\"855e085\" data-element_type=\"container\">\n\t\t\t\t\t<div class=\"e-con-inner\">\n\t\t<div class=\"has_eae_slider elementor-element elementor-element-d5a606e e-con-full e-flex e-con e-child\" data-eae-slider=\"99771\" data-id=\"d5a606e\" data-element_type=\"container\">\n\t\t\t\t<div class=\"elementor-element elementor-element-9edea74 elementor-widget elementor-widget-image\" data-id=\"9edea74\" data-element_type=\"widget\" data-widget_type=\"image.default\">\n\t\t\t\t<div class=\"elementor-widget-container\">\n\t\t\t\t\t\t\t\t\t\t\t\t\t\t\t<img decoding=\"async\" width=\"400\" height=\"383\" src=\"https:\/\/www.nms-mautern.at\/wp-content\/uploads\/2025\/08\/Kleinarl-25_Quartier.jpg\" class=\"attachment-large size-large wp-image-2626\" alt=\"\" srcset=\"https:\/\/www.nms-mautern.at\/wp-content\/uploads\/2025\/08\/Kleinarl-25_Quartier.jpg 400w, https:\/\/www.nms-mautern.at\/wp-content\/uploads\/2025\/08\/Kleinarl-25_Quartier-300x287.jpg 300w\" sizes=\"(max-width: 400px) 100vw, 400px\" \/>\t\t\t\t\t\t\t\t\t\t\t\t\t\t\t<\/div>\n\t\t\t\t<\/div>\n\t\t\t\t<\/div>\n\t\t<div class=\"has_eae_slider elementor-element elementor-element-0c94acb e-con-full e-flex e-con e-child\" data-eae-slider=\"85561\" data-id=\"0c94acb\" data-element_type=\"container\">\n\t\t\t\t<div class=\"elementor-element elementor-element-f3094b1 elementor-widget elementor-widget-text-editor\" data-id=\"f3094b1\" data-element_type=\"widget\" data-widget_type=\"text-editor.default\">\n\t\t\t\t<div class=\"elementor-widget-container\">\n\t\t\t\t\t\t\t\t\t<p>Seit mehreren Jahren fahren die 3. Klassen nach Kleinarl auf Schikurs.<\/p><p>Unsere Gastgeber Erich und Maria Heiss betreiben dort das wundersch\u00f6ne Hotel Alpina, in dem wir bei ausgezeichneter kulinarischer Versorgung zu Gast sein d\u00fcrfen.<\/p><p>Die Liftstation ist keine 150m vom Hotel entfernt, sodass wir ganz einfach ohne Bus zu Fu\u00df die Schitage beginnen k\u00f6nnen.<\/p><p>Unser n\u00e4chster Schikurs wird uns von 15. bis 20. M\u00e4rz 2026 wieder nach Kleinarl f\u00fchren, wir freuen uns schon sehr darauf.<\/p>\t\t\t\t\t\t\t\t<\/div>\n\t\t\t\t<\/div>\n\t\t\t\t<\/div>\n\t\t\t\t\t<\/div>\n\t\t\t\t<\/div>\n\t\t<div class=\"has_eae_slider elementor-element elementor-element-30e71b8 e-flex e-con-boxed e-con e-parent\" data-eae-slider=\"61136\" data-id=\"30e71b8\" data-element_type=\"container\">\n\t\t\t\t\t<div class=\"e-con-inner\">\n\t\t\t\t<div class=\"elementor-element elementor-element-703157e elementor-widget elementor-widget-heading\" data-id=\"703157e\" data-element_type=\"widget\" data-widget_type=\"heading.default\">\n\t\t\t\t<div class=\"elementor-widget-container\">\n\t\t\t\t\t<h1 class=\"elementor-heading-title elementor-size-default\">Sommersportwoche in Radstadt - 4. Klassen<\/h1>\t\t\t\t<\/div>\n\t\t\t\t<\/div>\n\t\t\t\t\t<\/div>\n\t\t\t\t<\/div>\n\t\t<div class=\"has_eae_slider elementor-element elementor-element-b8f7524 e-flex e-con-boxed e-con e-parent\" data-eae-slider=\"94206\" data-id=\"b8f7524\" data-element_type=\"container\">\n\t\t\t\t\t<div class=\"e-con-inner\">\n\t\t<div class=\"has_eae_slider elementor-element elementor-element-36f6c92 e-con-full e-flex e-con e-child\" data-eae-slider=\"82108\" data-id=\"36f6c92\" data-element_type=\"container\">\n\t\t\t\t<div class=\"elementor-element elementor-element-5abed65 elementor-widget elementor-widget-image\" data-id=\"5abed65\" data-element_type=\"widget\" data-widget_type=\"image.default\">\n\t\t\t\t<div class=\"elementor-widget-container\">\n\t\t\t\t\t\t\t\t\t\t\t\t\t\t\t<img loading=\"lazy\" decoding=\"async\" width=\"400\" height=\"300\" src=\"https:\/\/www.nms-mautern.at\/wp-content\/uploads\/2025\/09\/Radstadt.jpg\" class=\"attachment-large size-large wp-image-2755\" alt=\"\" srcset=\"https:\/\/www.nms-mautern.at\/wp-content\/uploads\/2025\/09\/Radstadt.jpg 400w, https:\/\/www.nms-mautern.at\/wp-content\/uploads\/2025\/09\/Radstadt-300x225.jpg 300w\" sizes=\"(max-width: 400px) 100vw, 400px\" \/>\t\t\t\t\t\t\t\t\t\t\t\t\t\t\t<\/div>\n\t\t\t\t<\/div>\n\t\t\t\t<\/div>\n\t\t<div class=\"has_eae_slider elementor-element elementor-element-31acd97 e-con-full e-flex e-con e-child\" data-eae-slider=\"85086\" data-id=\"31acd97\" data-element_type=\"container\">\n\t\t\t\t<div class=\"elementor-element elementor-element-eee5226 elementor-widget elementor-widget-text-editor\" data-id=\"eee5226\" data-element_type=\"widget\" data-widget_type=\"text-editor.default\">\n\t\t\t\t<div class=\"elementor-widget-container\">\n\t\t\t\t\t\t\t\t\t<p>Sommersportwoche in Radstadt \u2013 Bewegung, Natur &amp; Abenteuer!\u00a0<\/p><p>Die 4. Klassen verbringen ihre Sportwoche in der wundersch\u00f6nen Bergwelt rund um\u00a0Radstadt.<\/p><p>Unser Quartier \u2013 der gem\u00fctliche\u00a0Simonyhof der Familie Kahr\u00a0\u2013 bietet die perfekte Mischung aus Wohlf\u00fchlatmosph\u00e4re, regionaler K\u00fcche und viel Platz f\u00fcr Spiel und Spa\u00df.<\/p><p>Neben Sport und Bewegung am Vormittag: die Sch\u00fclerinnen und Sch\u00fcler besuchen verschiedenen Sportarten, kommt auch das gemeinsame Miteinander am Nachmittag nicht zu kurz: ob bei Lagerfeuerabenden, Spielen am Hof oder beim Erkunden der Umgebung \u2013 die Woche verspricht unvergessliche Momente.<\/p>\t\t\t\t\t\t\t\t<\/div>\n\t\t\t\t<\/div>\n\t\t\t\t<\/div>\n\t\t\t\t\t<\/div>\n\t\t\t\t<\/div>\n\t\t\t\t<\/div>\n\t\t","protected":false},"excerpt":{"rendered":"<p>Sommersportwoche in Raabs\/Thaya &#8211; 1. Klassen Jedes Jahr verbringen unsere 1. Klassen eine spannende Sommersportwoche in Raabs an der Thaya. Neben abwechslungsreichen Wanderungen stehen auch interessante Exkursionen auf dem Programm \u2013 etwa ein Besuch in der Glasbl\u00e4serei oder in der K\u00e4semacherwelt. Der Schwerpunkt der Woche liegt jedoch im Schwimmen: T\u00e4glich wird flei\u00dfig trainiert, Technik verbessert [&hellip;]<\/p>\n","protected":false},"author":1,"featured_media":0,"parent":0,"menu_order":0,"comment_status":"closed","ping_status":"closed","template":"","meta":{"footnotes":""},"class_list":["post-527","page","type-page","status-publish","hentry"],"_links":{"self":[{"href":"https:\/\/www.nms-mautern.at\/index.php?rest_route=\/wp\/v2\/pages\/527","targetHints":{"allow":["GET"]}}],"collection":[{"href":"https:\/\/www.nms-mautern.at\/index.php?rest_route=\/wp\/v2\/pages"}],"about":[{"href":"https:\/\/www.nms-mautern.at\/index.php?rest_route=\/wp\/v2\/types\/page"}],"author":[{"embeddable":true,"href":"https:\/\/www.nms-mautern.at\/index.php?rest_route=\/wp\/v2\/users\/1"}],"replies":[{"embeddable":true,"href":"https:\/\/www.nms-mautern.at\/index.php?rest_route=%2Fwp%2Fv2%2Fcomments&post=527"}],"version-history":[{"count":28,"href":"https:\/\/www.nms-mautern.at\/index.php?rest_route=\/wp\/v2\/pages\/527\/revisions"}],"predecessor-version":[{"id":2758,"href":"https:\/\/www.nms-mautern.at\/index.php?rest_route=\/wp\/v2\/pages\/527\/revisions\/2758"}],"wp:attachment":[{"href":"https:\/\/www.nms-mautern.at\/index.php?rest_route=%2Fwp%2Fv2%2Fmedia&parent=527"}],"curies":[{"name":"wp","href":"https:\/\/api.w.org\/{rel}","templated":true}]}}